 + -15 - -54) + 18 + 3.
60
Evaluate -8 + -14 + (-10 - -22) + 26.
16
Calculate (-270 - -414) + -1 + -51.
92
What is (9 - -30 - (-16 - -39)) + -32?
-16
1 + 0 + 32 - ((-105 - -182) + -72)
28
What is -2 + (-10 - -13) - -11 - (31 - 1)?
-18
What is (28 + -9 - 11) + -3 - 67?
-62
What is the value of -14 + 24 + (14 - 7) + 40?
57
What is 41 + 36 + (20 - 16 - -24)?
105
Calculate -72 - ((25 - -10) + -2 + -13).
-92
Calculate 15 + (8 + 6 - 24 - 10) + 2.
-3
Evaluate (-44 - (-46 + -15)) + -63.
-46
Calculate (-13 - -5) + 29 + -13 + -13.
-5
Calculate -20 - (-17 + 3) - (-4 - (10 + -7)).
1
Evaluate 4 + -12 + -246 + 204.
-50
0 - -25 - (32 + 50 + 9)
-66
(1 - -11) + (-21 - -7) + -3 + -55
-60
Calculate 106 - 239 - -144 - -13.
24
69 + (49 - 51 - (-3 - -19))
51
(-180 - (-37 - 42)) + 44
-57
What is the value of -201 + 169 + (-8 - 2 - 2)?
-44
Calculate -50 + 7 + 58 + (-6 - 0) + 0.
9
What is the value of -74 - (12 + (-3 - -10 - (-3 - -15)) + -6)?
-75
What is the value of 195 + (5 - (-128 - -252))?
76
(-10 - (-66 - -20)) + -84
-48
What is (13 - (1 - 1)) + 264 + -280 + -67?
-70
What is (-46 + 51 - (8 - 0)) + (1 - 9)?
-11
What is -23 + (-19 + -4 - 23) + 23 + 17?
-29
Calculate -11 + -2 - (-14 - -46 - 26 - 3).
-16
-1 + 56 - ((-8 - 19 - -32) + -18)
68
Evaluate (12 - 8 - 16) + 32 - 12 - (34 + 1).
-27
What is 70 + 72 + -91 + -83?
-32
What is -5 + -6 + (-228 - -208)?
-31
-125 + -41 + (45 + 10 - -17)
-94
What is the value of -244 - -230 - (10 - -55)?
-79
What is 9 + 12 + -20 - 7 - 9?
-15
What is -2 - -3 - (-5 - (-19 + 150 + -20))?
117
-161 + 152 + (2 - -8) + 11
12
What is -46 + (-14 - (-16 + (-17 + 19 - 16)))?
-30
What is -1 + 7 + -20 - (-15 + (10 - 15) + 107)?
-101
19 + 4 + -7 + -8 + 24
32
Evaluate (-4 - (-6 + 2)) + (8 - 10) + -7 + -39.
-48
Evaluate 0 + -11 - (389 - 404 - (85 - 0) - -13).
76
Evaluate -88 + (-4 - 6) + 7.
-91
91 + 1 + (-738 - -628)
-18
What is the value of -1 + 1 + 0 + 1 + 80 + -66?
15
(-1367 - -1355) + (31 - 4)
15
Evaluate (4 + 0 - -10) + (45 + -100 - -60).
19
Calculate (2 - -44) + (-113 - (-135 - 61)).
129
Calculate -65 + 22 - -10 - (-28 + 60).
-65
Calculate 113 - 72 - 58 - (2 + 17).
-36
What is -5 + 1 + -42 + (-60 - -64)?
-42
What is the value of 6 - (80 - 63 - 74)?
63
What is -5 + -5 - (-10 - -2 - (-16 - -14)) - 8?
-12
Calculate -23 - -1 - (105 - 42) - -33.
-52
-132 - 4 - -19 - (-90 + 89)
-116
Evaluate -248 - -182 - ((-3 + -3 - 5) + -2).
-53
Calculate -23 - (8 + -63) - 5 - -20.
47
Calculate 12 + (1 - -11 - (31 - 68 - -41)).
20
What is the value of -19 + 56 + 0 + 3 + -3 + 3?
40
Evaluate -1 + 75 + (2 - 2 - (-38 + 16 - -22)).
74
Evaluate -9 + 0 - (-1816 + 1821).
-14
Evaluate (0 - 3) + (-18 - (-69 - 10 - (-23 - -17))).
52
What is the value of 31 + (16 - (-24 + -3 - -64))?
10
8 + -22 + 11 - -102
99
Calculate -47 - (-67 + 27) - 33.
-40
Calculate (-5 - (1 + -8)) + (74 + -86 - (91 - 2)).
-99
What is the value of (54 - (-15 - -15)) + -36 + 62?
80
Calculate -12 + (-1 - (7 + 6)) - (30 + -42).
-14
-7 - (-123 + -3 + 163)
-44
What is the value of 73 + -40 - 23 - -25?
35
Evaluate (13 - ((-2 - 6) + 3)) + 47 + -44.
21
45 - ((-27 - -34) + (-2 - -3 - -2))
35
-63 + (2 - 2) + 1 + -1 - (96221 - 96221)
-63
Calculate (7 + 4 - (104 - 92)) + 13 - (51 + -2).
-37
What is (-11 + 45 - 157 - -31) + -2 + -11?
-105
What is -262 - -345 - (-11 + (10 - (1 - 5 - -10)))?
90
Calculate -31 + -17 + (-16 - -37) - -12.
-15
What is the value of -368 + 356 - ((0 - -12) + 4)?
-28
Evaluate 37 + -24 - (-1 + 2 + -1 - -30).
-17
What is (52 + 6 - (0 + 25 + -12)) + 4 + 2?
51
(0 - (-1 - -2 - (89 + -92) - 0)) + -24
-28
What is -1 + 0 + -266 + 199 + (14 - 1)?
-55
12 + (5 - (6 - 3)) + 3 - 38
-21
What is 109 + -55 + 2 - 27?
29
What is the value of (-42 - (4 - (26 + -19 - (16 - 1)))) + -2?
-56
What is the value of (-4 - (2 - -7)) + -25 + -20 - (-8 - 1)?
-49
23 + (-9 + -25 - 93) + 37
-67
What is 16 + -23 + (-44 - 39) + (0 - -4)?
-86
Calculate (-6 + 0 - (-3 - (-1 + -1))) + (-487 - -565).
73
Evaluate 3 - (15 - (28 + -18 + -14)).
-16
Calculate -20 + -3 + 36 + -57 + 12.
-32
Evaluate (-62 - -4 - -3 - -8) + 11.
-36
Calculate 724 + -759 + 2 + -1 + 1.
-33
Calculate 50 + 11 + -18 - 67.
-24
Evaluate (-11 + 57 - 41 - (1 + 34)) + -4.
-34
Evaluate -1 - (29 - (-2 + 9 - (-24 - -20))).
-19
What is the value of (-64 - -65) + (7 - (-5 - (34 - 5)))?
42
-2 + 7 + -10 + 11 + 4 + 25 + -3
32
Evaluate -21 - (-2 - (-16 - 8)).
-43
Evaluate -14 - (3 - (62 - (-27 + 13))).
59
What is (-7 - (7 + -4)) + (-16 - 63) + 27?
-62
Evaluate 16 + 30 + -56 + 20 - (-1 - 62).
73
What is (1 - (1 - (55 + -1))) + 63275 + -63262?
67
What is the value of 1 + 122 - ((38 - -20) + -30)?
95
What is the value of 11 - (49 + 21 + -23)?
-36
What is (-11 - -39) + 7 + -10?
25
What is the value of -15 + -3 + 2 - (51 - (83 - 49))?
-33
What is the value of -183 - (-27 - (2 + 61))?
-93
Calculate -47 - (-10 + 21 - 24).
-34
Evaluate (7 - (45 + -46)) + 42.
50
What is the value of (-9 - -35 - 4) + (3 + -2 + 4 - 2)?
25
What is the value of -67 + (111 - 143) - -172?
73
Calculate -2 + -2 + 4 - (0 - -1 - (-56 - -79)).
22
-73 + 18 + -96 + 116 + -20 + 0
-55
Calculate (30 - 9) + (41 - 59).
3
What is the value of -28 + (93 - (7 + -20 + -9))?
87
Evaluate -9 + 0 + -26 + 6 + 44 + -14 + -11.
-10
What is -39 + 45 - (-2 - 27) - 17?
18
Calculate -82 + (76 - -32) + 45.
71
What is the value of (7 - 14) + 17 + 3 + 8 + -46 - -12?
-13
(7 - 4) + 6 + (10 - 23 - (-36 + -10))
42
Evaluate 170 - 154 - (46 + 12 + -23).
-19
What is (6 - (42 + (-1 - -2))) + (21 + -13 - 6)?
-35
What is 27 + 1 - (12 + (-123 - -170))?
-31
-13 + (-25 - 30) + 78
10
(46 - (-31 + 73)) + -5 + 16 + 0 + 3
18
(54 - (60 + -89)) + -4 + 0 + 2 + -11
70
(-1 - -9) + 1 - ((23 - (55 - 31)) + 14)
-4
6 + -18 + 16 + (16 + 14 - 8)
26
Calculate -17 + (-23 - (23 + -70)) + (-24 - 1).
-18
Calculate 818 + -1039 + (2 - -119).
-100
-33 - ((-6 - -3) + (1 - -3))
-34
Calculate 1 + (0 - -14) - (-2417 + 2436).
-4
Calculate -29 + -6 + (-330 - -370).
5
-18 - (11 + (-35 - 28))
34
Evaluate (-87 - ((11 - 28) + 16)) + 19.
-67
Calculate 12 - 11 - (77 - (2 + -3) - (28 - 23)).
-72
Evaluate 38 - (2 + 2 + (10 - 33)).
57
What is the value of (-22 - -34) + (-2 - (-10 - 1)) + -13?
8
What is (-37 - (-72 + 75)) + 103?
63
Calculate 33 + (-4 - 22) + 13 + -8 + -17 + 12.
7
What is -6 - (-43 + 79 + -43 + -82 + 5 + 4)?
74
What is the value of -2 + -45 - (7 + (4 - (21 + -29)))?
-66
What is the value of 99 + (-242 - 67) + 99?
-111
Calculate 828 + -742 - (4 + -1 + -5 + 4).
84
Evaluate (-103 - -34) + -13 - -163.
81
Evaluate 10 - (735 - 712 - (32 - -1)).
20
Evaluate (6 + -13 - (21 - 38)) + (5 - -6).
21
What is the value of -2 - -16 - (34 + 101)?
-121
What is -9 + 87 + -30 + (-28 - -2)?
22
Calculate -132 + (-78 - -98) + 27.
-85
What is -2 - (129 - 28) - -36?
-67
-39 + 1 - (-225 + (6 - -265))
-84
Calculate -41 - -48 - (10 + 1 - -10).
-14
Calculate (-465 - -501) + (8 - 1) + -27.
16
3 - (-212 - -247 - (1 + 2) - -1)
-30
What is -1 + 34 + 0 - ((37 + 2 - 44) + 14)?
24
What is the value of -95 - -1 - (-3521 - -3355)?
72
Calculate -13 - 14 - (-10 + (-4 - (-3 - 4))).
-20
What is -2 - 14 - (-300 + 288)?
-4
24 + (18 - -4 - (70 + -65))
41
(431 - 410) + -34 + 3 + -3
-13
What is -124 + (28 - ((18 - 20) + 1))?
-95
Evaluate -73 - (-57 + -95 - 50).
129
What is -5 - -2 - (-10 - -3) - (7 + -44)?
41
Calculate -56 - -4 - (40 - 154).
62
Evaluate -6 + (5 - 4) + (12 + -40 - -18).
-15
What is the value of 2 + (54 - 91 - 52)?
-87
Evaluate 39 - (-50 + 7 + 45).
37
Calculate 16 + (2 - 1 - (-22 + 34)) - (2 + 56).
-53
83 + -37 + (10 - -8)
64
What is 15 - (-13 + 8 + -13 + (11 - 8))?
30
Evaluate -34 + -3 + (6 - (22 + -12 - -2)).
-43
Calculate 12 + 3 - (-18 + 29) - (-4 + -1 + -1).
10
Evaluate -1 + 54 + (6564 - 6554).
63
What is the value of 20 + (-20 - -18 - 28) - (-1 + 8)?
-17
What is the value of 19 - (-27 + 43) - (-66 - -60 - (-1 - -2))?
10
Calculate (9 - -50) + -46 + -19.
-6
What is 2 - ((4 - (10 + 27)) + 19 - 4)?
20
What is the value of -2 + 22 - ((0 - -11) + (-538 - -536))?
11
Evaluate 65 + -78 + 40 - (39 - -1).
-13
What is -27 - -5 - (-15 + (-5 - -26)) - -7?
-21
What is 8 + (4 - 2) + 33 + -14 + -35 + 26?
20
Evaluate 3 + (7 + 12 - -11) - -34.
67
Calculate -12 + (-27 - -12 - 9 - 3).
-39
Calculate 23 + (-11 + 22 - 15) + -47.
-28
Evaluate -59 - -43 - -17 - (0 + (-3 - 12)).
16
(-25 - 2) + (26 - (31 - 45))
13
What is (